 divisor of 25198 and a?
86
Let x = 156 + -147. Let s(w) = -2*w**3 + 15*w**2 + 31*w - 17. Let i be s(x). What is the highest common divisor of 19 and i?
19
Let j(x) = -16*x - 2360. Let f be j(-150). What is the highest common divisor of f and 48000?
40
Let v be 54/(-999) - 340556/(-148). What is the highest common factor of 39 and v?
39
Let o(d) = -11*d**2 + 344*d + 7. Let i be o(31). What is the highest common factor of 980 and i?
20
Let f(g) = 12*g + 222. Let y be f(-15). What is the highest common divisor of 13 and y?
1
Let n(a) = 32*a - 18. Let l(u) = 2*u**2 - 10*u + 12. Let f be l(5). Let w be n(f). Suppose -6*d - 6 + w = 0. What is the greatest common divisor of d and 40?
20
Suppose 59905 + 18582 + 13 = 20*v. What is the highest common divisor of v and 25?
25
Let s(n) = -n**3 - 7*n**2 - 23*n - 156. Let p be s(-7). Let a be -7 + p - (0 + -3). Suppose 0 = 4*y - 1 - 3. What is the highest common factor of y and a?
1
Let x = -23884 + 24449. What is the greatest common factor of 7684 and x?
113
Suppose -4*g + 152 = -24. Let o(m) = g + 3*m - 16*m + 8*m + 4*m. Let b be o(0). Calculate the highest common factor of 4 and b.
4
Let i be 2/(-19) - (-62)/589. Let h(f) = 11*f + 5. Let p be h(i). Calculate the greatest common factor of p and 45.
5
Suppose -1175631 = -320*z + 450609. Calculate the highest common factor of 63 and z.
21
Let u(b) = -b**3 - 21*b**2 + 22*b - 4. Let f be u(-22). Let y be (1 - 3)*18/f. Suppose y*l + l - 1890 = 0. What is the highest common divisor of 21 and l?
21
Suppose -2*k + 6*k - 3005 = -j, j - 2996 = -k. Calculate the greatest common divisor of j and 41.
41
Let j(p) = 2*p**2 - 92*p + 2488. Let o be j(27). What is the highest common divisor of 289 and o?
17
Suppose 120*w = 173709 + 45291. What is the greatest common factor of w and 35?
5
Suppose 0 = -3*v + b + 3*b + 6704, v - 2241 = -5*b. Calculate the highest common factor of 78 and v.
26
Let z = -4186 + 5802. Calculate the highest common divisor of 303 and z.
101
Suppose 26*g - 22*g = 92*g - 201520. What is the greatest common divisor of g and 130?
10
Let o be (12 + (-572)/55)/(1/10). Suppose -u + 12 = -5*x, 0*u = u - 4*x - o. Calculate the greatest common factor of 32 and u.
32
Let u be (-10206)/(-10) - (-258)/(-430). What is the greatest common divisor of u and 60?
60
Let m be (-5)/(924/(-306) - -3). Let z be 5 + (8/(-2))/(-12)*0. Suppose -k = w + 2*k - 63, -5*w = z*k - 275. Calculate the greatest common divisor of w and m.
51
Let z = 6 - -3. Let k(j) = j**2 - 13*j + 33. Let v be k(10). Suppose -v*p + 6 = 0, 16*p = 3*b + 20*p - 62. What is the highest common factor of z and b?
9
Let u be (4/10)/((-72)/(-3240)). What is the greatest common factor of u and 114?
6
Let g be ((-10648)/16)/((-21)/90 + (-6)/(-45)). Calculate the highest common divisor of 55 and g.
55
Suppose 3 = 4*u - 5. Let z be 1 + (-6)/(-10) + 154/35. Suppose -18*v + z = -12. Calculate the greatest common divisor of u and v.
1
Let x = -502 + 986. Let p = x + -464. What is the highest common factor of p and 10?
10
Let c be -8 + (-24)/(-6)*29. Calculate the greatest common factor of 96 and c.
12
Let p(g) = 27*g + 120. Let u be p(0). What is the highest common divisor of u and 16?
8
Let y = -3026 + 3285. What is the greatest common divisor of 1147 and y?
37
Let a be 1*(790 - (-3 + 13)). Calculate the highest common factor of a and 540.
60
Let q = -414 + -6. Let l = q + 432. What is the greatest common divisor of 156 and l?
12
Let o(x) = 274*x**3 - 4*x**2 - 5*x + 10. Let q be o(1). Let s be 442/8 + 1/(-4). What is the highest common divisor of s and q?
55
Suppose a - w = -2*w - 3, 3*w = -5*a - 9. Let r = 80 - a. Let o be -1 + -2 - r/(-5 + 0). Calculate the greatest common factor of 91 and o.
13
Let n(a) = -4*a**2 + 119*a - 143. Let q be n(28). Let x be (-6672)/(-9) + 4/6. What is the greatest common factor of q and x?
53
Let k(q) = 32*q - 1082. Let w be k(35). Let j(c) = -c**3 + 17*c**2 - 11*c. Let l be j(15). What is the greatest common divisor of w and l?
19
Let k(n) = 433*n**3 - 15*n**2 + 19*n - 5. Let d be k(1). Calculate the greatest common factor of 189 and d.
27
Suppose 0 = -4*d + 9 - 1. Suppose -d*f - 132 = -550. Let c(v) = -6*v + 79. Let i be c(10). Calculate the greatest common factor of i and f.
19
Let h be (-371)/(-4) - 2/(-8). Let m be (-1 + (-55)/(-22))*(0 - 3 - -5). Calculate the highest common factor of m and h.
3
Suppose 0 = -9*r + 2*r + 49. Suppose r*m - 12*m + 845 = 0. Let o(t) = t**2 - 10*t + 2. Let c be o(11). What is the highest common factor of m and c?
13
Suppose 2*w + 996 = 2*x, -x - 31 + 529 = -3*w. Calculate the greatest common divisor of x and 114.
6
Let l(j) = 2*j**2 - 10*j + 22. Let x be l(7). Let p(r) = 26*r - 358. Let g be p(18). Calculate the greatest common divisor of x and g.
10
Let w = -141 - -147. Suppose -12*a + 132 = -w*a. What is the greatest common factor of a and 22?
22
Suppose -21 = 3*w, -195 - 733 = -5*x + 4*w. What is the highest common factor of 210 and x?
30
Let m be 2105/20 - (-1)/(-4). Let i = -23 - -73. Suppose -3*h - n + i = -0*n, -3*h - 4*n + 65 = 0. Calculate the greatest common divisor of m and h.
15
Let a = 129 - 114. Let x(d) = -2*d**3 + 3*d**2 - 2. Let v be x(2). Let u be (-10)/v + 8/6. What is the greatest common factor of a and u?
3
Let w = 4 - 10. Let m = 3219 - 3215. Let h be (w - -6)/m - (-34 - -1). What is the greatest common factor of 99 and h?
33
Let c = -26 + 20. Let i be (38/c)/(11/(-264)). Let t be 76/7*(-14)/(-4). What is the highest common divisor of i and t?
38
Let m be (40 - 47)*64/(-7). Suppose m + 0 = 2*d. Calculate the highest common divisor of 32 and d.
32
Let p be (3 - 39)*145/(-15). What is the greatest common factor of 984 and p?
12
Let m be (34/(-18))/(2771/(-153) + 18). What is the highest common divisor of m and 221?
17
Suppose 398*t = 5*f + 399*t - 98, -3*f = -t - 54. Suppose 2*q - 304 = -2*q. Calculate the highest common divisor of f and q.
19
Let y = -3587 + 3717. What is the greatest common factor of 1885 and y?
65
Suppose -19 = 5*r + 2*q, 3*r = 2*q + 13 - 18. Let g be -10*(-4)/(-4)*r. What is the greatest common divisor of 4 and g?
2
Let t = -6695 - -6707. What is the highest common factor of 4482 and t?
6
Suppose 0 = 11*w + 135 - 3. Let u be (-9)/(-6) + (-1674)/w. What is the highest common factor of 188 and u?
47
Let v be (-10)/(15/10 + -4). Suppose 2*z = -v*s + 132, -5*z = -2*s - s + 125. Calculate the greatest common divisor of 35 and s.
35
Let m(g) = 5*g - 42. Let c be m(15). Suppose c = 12*l - 39. Calculate the greatest common factor of 18 and l.
6
Let h be (-2)/23 + 3268/(-322)*-1141. What is the highest common divisor of 60 and h?
60
Suppose -5*o + 22 = -23. Suppose 19*n - 78 = -2. Suppose l = c + 5*l - 26, -c = -2*l + n. Calculate the highest common divisor of c and o.
3
Suppose -5*o - 15 = 0, -3*n - 9 = 2*n + 3*o. Let u(a) = -16*a + 6. Let l be u(n). Calculate the greatest common divisor of 138 and l.
6
Suppose 0 = 13*h - 1910 + 194. Let m be (0/(-1))/(1 + -4). Suppose -5*l + 54 = -2*x, m*x + 33 = 2*l + 3*x. What is the greatest common divisor of l and h?
12
Let x = 40 + -22. Let n = -2278 + 2305. Calculate the highest common factor of n and x.
9
Let k = 33 + 42. Suppose -k*v - 200 = -70*v. Let u = -36 - v. Calculate the highest common factor of u and 28.
4
Suppose 4*m - 3*n + 2*n = -15, 4*m = -4*n - 20. Let q(k) = -27*k - 14. Let g be q(m). What is the highest common factor of g and 94?
94
Suppose 3*a - 1662 = 841*t - 844*t, -4*t = -5*a + 2779. What is the greatest common factor of a and 1?
1
Let b be ((-10)/3)/((-10)/180). Let u(h) = 24*h - 504. Let s be u(25). What is the greatest common divisor of s and b?
12
Let u = 7 + -8. Let d be 10/((4/u)/(-4)). Calculate the highest common factor of 45 and d.
5
Let b(x) = x**2 - 5*x + 5. Let c be b(0). Let i be 4 - (-5 + c) - 0 - -1084. Calculate the greatest common divisor of 17 and i.
17
Let v = 10640 - 10465. What is the greatest common factor of v and 35?
35
Let t = 139 + -89. Let i = 53 - t. Suppose 4*g + i*w = 189, -68 - 75 = -3*g - 2*w. Calculate the highest common factor of g and 17.
17
Let j = -27702 - -29337. What is the greatest common divisor of 60 and j?
15
Suppose w = -4*t - 5 - 5, 0 = -3*w + 2*t + 12. Suppose 5*u + 5*m - 347 - 78 = 0, -m - 176 = -w*u. 